5401.
5172
Calculate the remainder when 6732297 is divided by 2498.
187
What is the remainder when 1564862 is divided by 121?
90
What is the remainder when 180557 is divided by 29974?
713
What is the remainder when 16179 is divided by 225?
204
Calculate the remainder when 489148 is divided by 25714.
582
What is the remainder when 286675 is divided by 57313?
110
What is the remainder when 21712 is divided by 2372?
364
Calculate the remainder when 609270 is divided by 202643.
1341
Calculate the remainder when 8579812 is divided by 58.
46
What is the remainder when 7097 is divided by 1670?
417
Calculate the remainder when 353379210 is divided by 11.
8
What is the remainder when 273389 is divided by 89?
70
What is the remainder when 16291035 is divided by 46?
43
Calculate the remainder when 5553053 is divided by 20.
13
Calculate the remainder when 2972193 is divided by 254.
139
Calculate the remainder when 14961220 is divided by 80.
20
Calculate the remainder when 265368 is divided by 20411.
25
Calculate the remainder when 528087 is divided by 1273.
1065
What is the remainder when 48309207 is divided by 855?
852
What is the remainder when 697165 is divided by 423?
61
What is the remainder when 4350 is divided by 6?
0
What is the remainder when 14240243 is divided by 609?
605
What is the remainder when 2632253 is divided by 580?
213
Calculate the remainder when 3877118 is divided by 15889.
202
Calculate the remainder when 52492 is divided by 17405.
277
Calculate the remainder when 271967317 is divided by 127.
119
What is the remainder when 794086 is divided by 1370?
856
What is the remainder when 106240321 is divided by 38?
35
Calculate the remainder when 2474483 is divided by 1152.
1139
Calculate the remainder when 94689 is divided by 138.
21
What is the remainder when 2081842 is divided by 16654?
92
What is the remainder when 10186 is divided by 7693?
2493
What is the remainder when 516419 is divided by 73771?
22
What is the remainder when 661250 is divided by 330520?
210
Calculate the remainder when 58279 is divided by 20.
19
Calculate the remainder when 1654021 is divided by 4967.
10
What is the remainder when 156568721 is divided by 3914218?
1
Calculate the remainder when 542045424 is divided by 1169.
1166
Calculate the remainder when 10039 is divided by 416.
55
Calculate the remainder when 104327 is divided by 185.
172
What is the remainder when 233533 is divided by 4263?
3331
Calculate the remainder when 4073507 is divided by 2036711.
85
Calculate the remainder when 267377 is divided by 267373.
4
Calculate the remainder when 1202550 is divided by 92485.
245
Calculate the remainder when 831375 is divided by 39589.
6
Calculate the remainder when 6572847 is divided by 1348.
1347
What is the remainder when 751163 is divided by 2340?
23
What is the remainder when 8252888 is divided by 2775?
38
Calculate the remainder when 1747230 is divided by 417.
0
Calculate the remainder when 56762 is divided by 5154.
68
What is the remainder when 15939091 is divided by 10270?
51
Calculate the remainder when 33937042 is divided by 1996296.
10
Calculate the remainder when 10907686 is divided by 6276.
6274
Calculate the remainder when 127600 is divided by 34.
32
What is the remainder when 1092117 is divided by 17335?
12
Calculate the remainder when 1501575 is divided by 75.
0
Calculate the remainder when 48308 is divided by 48065.
243
Calculate the remainder when 4318181 is divided by 693.
98
What is the remainder when 109186 is divided by 108139?
1047
What is the remainder when 274742361 is divided by 57?
24
Calculate the remainder when 21802855 is divided by 415.
0
Calculate the remainder when 32895 is divided by 7912.
1247
What is the remainder when 41093266 is divided by 237533?
57
What is the remainder when 356943 is divided by 59465?
153
What is the remainder when 226551 is divided by 45303?
36
Calculate the remainder when 504212 is divided by 100713.
647
Calculate the remainder when 5762540 is divided by 2333.
30
Calculate the remainder when 340026 is divided by 5457.
1692
What is the remainder when 599082 is divided by 299539?
4
What is the remainder when 220323 is divided by 4393?
673
What is the remainder when 102294 is divided by 6459?
5409
Calculate the remainder when 409733 is divided by 4709.
50
Calculate the remainder when 19527069 is divided by 9763511.
47
What is the remainder when 5707774 is divided by 418?
402
What is the remainder when 88393662 is divided by 4177?
4165
Calculate the remainder when 27117 is divided by 24284.
2833
What is the remainder when 60055757 is divided by 12?
5
What is the remainder when 425006 is divided by 1749?
1748
What is the remainder when 27947 is divided by 345?
2
What is the remainder when 530255 is divided by 132532?
127
Calculate the remainder when 44103874 is divided by 35.
24
What is the remainder when 540231 is divided by 18?
15
What is the remainder when 6683426 is divided by 14?
8
What is the remainder when 360305 is divided by 83?
2
Calculate the remainder when 382781 is divided by 197.
10
Calculate the remainder when 2201925 is divided by 314559.
12
Calculate the remainder when 148797763 is divided by 92.
91
Calculate the remainder when 913791 is divided by 176.
175
What is the remainder when 1294155 is divided by 140?
135
What is the remainder when 5848765 is divided by 974790?
25
What is the remainder when 1098322 is divided by 548950?
422
What is the remainder when 210789282 is divided by 27761?
9
Calculate the remainder when 67795 is divided by 5236.
4963
Calculate the remainder when 12320 is divided by 6061.
198
What is the remainder when 386129 is divided by 3417?
8
Calculate the remainder when 127820194 is divided by 7434.
7432
What is the remainder when 12255287 is divided by 28?
23
What is the remainder when 43195 is divided by 882?
859
What is the remainder when 5935496 is divided by 2116?
116
What is the remainder when 230438094 is divided by 28?
26
Calculate the remainder when 537686 is divided by 256.
86
Calculate the remainder when 154013 is divided by 154006.
7
What is the remainder when 4414854 is divided by 61?
40
What is the remainder when 770513 is divided by 3834?
3713
What is the remainder when 74002 is divided by 15?
7
Calculate the remainder when 1775340 is divided by 10826.
10702
What is the remainder when 16537510 is divided by 168750?
10
Calculate the remainder when 63393119 is divided by 12678621.
14
What is the remainder when 2437874 is divided by 1218823?
228
What is the remainder when 96779 is divided by 530?
319
Calculate the remainder when 170431 is divided by 932.
807
What is the remainder when 3640941 is divided by 823?
812
What is the remainder when 663034 is divided by 1393?
1359
Calculate the remainder when 733023 is divided by 2403.
108
Calculate the remainder when 38750 is divided by 1865.
1450
What is the remainder when 187320 is divided by 186815?
505
What is the remainder when 7051586 is divided by 4573?
20
Calculate the remainder when 42811 is divided by 546.
223
What is the remainder when 9861026 is divided by 18?
14
Calculate the remainder when 60830072 is divided by 3578239.
9
Calculate the remainder when 1454876 is divided by 242452.
164
Calculate the remainder when 3923130 is divided by 230771.
23
What is the remainder when 13419418 is divided by 1780?
1778
What is the remainder when 14677 is divided by 2420?
157
Calculate the remainder when 55575 is divided by 2526.
3
What is the remainder when 55147502 is divided by 515397?
23
What is the remainder when 83119 is divided by 6899?
331
What is the remainder when 396259 is divided by 114?
109
What is the remainder when 270585 is divided by 604?
597
Calculate the remainder when 38756260 is divided by 186.
184
Calculate the remainder when 310096 is divided by 38728.
272
Calculate the remainder when 110379 is divided by 55136.
107
Calculate the remainder when 511973 is divided by 102393.
8
Calculate the remainder when 476278 is divided by 79350.
178
What is the remainder when 986344217 is divided by 98?
89
What is the remainder when 149811 is divided by 29936?
131
Calculate the remainder when 28466 is divided by 25259.
3207
What is the remainder when 3032214 is divided by 97?
91
What is the remainder when